{"id":258,"date":"2021-04-03T15:10:28","date_gmt":"2021-04-03T13:10:28","guid":{"rendered":"https:\/\/diginlaw.wordpress.com\/?page_id=258"},"modified":"2021-04-03T15:10:28","modified_gmt":"2021-04-03T13:10:28","slug":"the-university-court-of-the-university-of-aberdeen","status":"publish","type":"page","link":"https:\/\/www.pravos.unios.hr\/diginlaw\/the-university-court-of-the-university-of-aberdeen\/","title":{"rendered":"The University of Aberdeen (United Kingdom)"},"content":{"rendered":"\n<div class=\"wp-block-image\"><figure class=\"aligncenter size-large is-resized\"><img decoding=\"async\" loading=\"lazy\" src=\"https:\/\/www.pravos.unios.hr\/diginlaw\/wp-content\/uploads\/2021\/04\/uoa_primary_logo_rgb-1.jpg?w=397\" alt=\"\" class=\"wp-image-259\" width=\"493\" height=\"135\" srcset=\"https:\/\/www.pravos.unios.hr\/diginlaw\/wp-content\/uploads\/2021\/04\/uoa_primary_logo_rgb-1.jpg 397w, https:\/\/www.pravos.unios.hr\/diginlaw\/wp-content\/uploads\/2021\/04\/uoa_primary_logo_rgb-1-300x82.jpg 300w\" sizes=\"(max-width: 493px) 100vw, 493px\" \/><\/figure><\/div>\n\n\n\n<p class=\"has-text-align-justify\">The University of Aberdeen was founded in 1495, is Scotland&#8217;s third oldest University and is the fifth oldest in the UK. Aberdeen is an international university built on serving one of the most dynamic regions of Europe and is at the forefront of teaching and research in the humanities, medical sciences and physical sciences. Some University of Aberdeen successes include 5 Nobel Prizes to former alumni; high quality research with 76% of our research recognised as internationally excellent or world leading in the UK&#8217;s 2014 Research Excellence Framework (REF). The REF 2014 also judged that 85% of our impact on society was internationally excellent or outstanding. The University of Aberdeen was a finalist at the 2016 BBSRC Excellence with Impact Awards and was named the Scottish University of the Year 2019 (The Times and Sunday Times Good University Guide 2019). We are a community of 120 nationalities, with 14,500 students: 49% men 51% women, and 12% mature undergraduates.<\/p>\n\n\n\n<div class=\"wp-block-image\"><figure class=\"aligncenter size-large is-resized\"><img decoding=\"async\" loading=\"lazy\" src=\"https:\/\/www.pravos.unios.hr\/diginlaw\/wp-content\/uploads\/2021\/04\/kings-college-exterior06-1-1.jpg?w=1024\" alt=\"\" class=\"wp-image-397\" width=\"491\" height=\"357\" \/><\/figure><\/div>\n\n\n\n<p class=\"has-text-align-justify\">Aberdeen is the second most \u2018affordable student city\u2019 in the UK (Royal Bank of Scotland Student Living Index 2017) and one of the largest wireless campuses in Europe. We employ around 2,500 individuals in a variety of academic and non-academic capacities across our 12 Schools and range of Professional Services. These 12 Schools enable the University to cover a broad range of disciplines. Within the Arts and Humanities, we support the following Schools; Education, Law, Social Sciences, Business, Divinity, History &amp; Philosophy, and the School of Language, Literature, Music &amp; Visual Culture. In the Physical Sciences, we have Schools of Geosciences, Natural &amp; Computing Sciences and Engineering. For the Medical Sciences, we have the School of Psychology, the School of Medical, Medical Sciences and Nutrition, and the School of Biological Sciences. The University of Aberdeen has been involved in European projects since Framework Programme 3 and has been successful in participating in more than 700 grants funded by the European Commission. Aberdeen has also been successful in securing grants under Horizon 2020, schemes such as ESF, ESA, Socrates, ERASMUS, INTERREG and COST as well as hosting 12 ERC Grant holders. We have signed 48 EU Grant Agreements in the past 3 years, some examples of which are listed below. <\/p>\n\n\n\n<hr class=\"wp-block-coblocks-dynamic-separator\" style=\"height:50px;\" \/>\n\n\n\n<div class=\"wp-block-media-text alignfull is-stacked-on-mobile\" style=\"grid-template-columns:36% auto;\"><figure class=\"wp-block-media-text__media\"><img decoding=\"async\" loading=\"lazy\" width=\"315\" height=\"251\" src=\"https:\/\/www.pravos.unios.hr\/diginlaw\/wp-content\/uploads\/2021\/04\/dr-katarina-trimmings-2-1.jpg?w=315\" alt=\"\" class=\"wp-image-544 size-full\" srcset=\"https:\/\/www.pravos.unios.hr\/diginlaw\/wp-content\/uploads\/2021\/04\/dr-katarina-trimmings-2-1.jpg 315w, https:\/\/www.pravos.unios.hr\/diginlaw\/wp-content\/uploads\/2021\/04\/dr-katarina-trimmings-2-1-300x239.jpg 300w\" sizes=\"(max-width: 315px) 100vw, 315px\" \/><\/figure><div class=\"wp-block-media-text__content\">\n<h2 class=\"margin-bottom-half wp-block-heading\">KATARINA TRIMMINGS<\/h2>\n\n\n\n<p class=\"margin-top-half has-medium-font-size\"><strong><span style=\"color:#293940;\" class=\"has-inline-color\"><span class=\"uppercase\">PHD, SENIOR LECTURER<\/span><\/span><\/strong><\/p>\n\n\n\n<div class=\"wp-block-buttons is-layout-flex\"><\/div>\n\n\n\n<p class=\"has-text-align-justify\" style=\"font-size:17px;\">Dr Katarina Trimmings is a Senior Lecturer in law at the University of Aberdeen. She is also the Director of the Aberdeen Centre for Private International Law. Her research interests fall within the area of private international law of family law. She has written extensively in particular on cross-border parental child abduction, including a monograph Child Abduction within the European Union, (Hart Publishing, 2013), and cross-border surrogacy arrangements, including an edited book International Surrogacy Arrangements: Legal Regulation at the International Level (Hart Publishing, 2013). She is one of the authors of the 15th edition of Cheshire\u2019s Private International Law (Oxford University Press, 2017), and a coordinator of the EC-funded POAM project.<\/p>\n<\/div><\/div>\n\n\n\n<hr class=\"wp-block-coblocks-dynamic-separator\" style=\"height:50px;\" \/>\n\n\n\n<div class=\"wp-block-media-text alignfull is-stacked-on-mobile\" style=\"grid-template-columns:36% auto;\"><figure class=\"wp-block-media-text__media\"><img decoding=\"async\" loading=\"lazy\" width=\"720\" height=\"899\" src=\"https:\/\/www.pravos.unios.hr\/diginlaw\/wp-content\/uploads\/2021\/04\/zivkovic-1-1.png?w=720\" alt=\"\" class=\"wp-image-545 size-full\" srcset=\"https:\/\/www.pravos.unios.hr\/diginlaw\/wp-content\/uploads\/2021\/04\/zivkovic-1-1.png 720w, https:\/\/www.pravos.unios.hr\/diginlaw\/wp-content\/uploads\/2021\/04\/zivkovic-1-1-240x300.png 240w\" sizes=\"(max-width: 720px) 100vw, 720px\" \/><\/figure><div class=\"wp-block-media-text__content\">\n<h2 class=\"margin-bottom-half wp-block-heading\">PATRICIA \u017dIVKOVI\u0106<\/h2>\n\n\n\n<p class=\"margin-top-half has-medium-font-size\"><strong><span style=\"color:#293940;\" class=\"has-inline-color\"><span class=\"uppercase\">PhD, LECTURER<\/span><\/span><\/strong><\/p>\n\n\n\n<div class=\"wp-block-buttons is-layout-flex\"><\/div>\n\n\n\n<p class=\"has-text-align-justify\" style=\"font-size:17px;\">Dr Patricia \u017divkovi\u0107 is a Lecturer in Law at the University of Aberdeen, School of Law.&nbsp;Before joining the University of Aberdeen, Dr \u017divkovi\u0107 obtained experience as a counsel in a Croatian law firm and in-house experience in the IT industry as Head of Legal Department.&nbsp;Her focus in teaching and researching includes international dispute resolution, private international law, commercial law, international sales of goods, the law of the European Union, and IT law.&nbsp;Within the area of IT law, Dr \u017divkovi\u0107 focuses mainly on ethical and legal considerations in relation to the regulation of biometric data and digitalization\/digitization of cross-border commercial transactions and dispute resolution.&nbsp;She is a&nbsp;Deputy Director&nbsp;of the Centre for Private International Law\u202fat the University of Aberdeen and Co-Editor-in-Chief of the Journal for Strategic Contracting and Negotiation.&nbsp;<\/p>\n<\/div><\/div>\n\n\n\n<hr class=\"wp-block-coblocks-dynamic-separator\" style=\"height:50px;\" \/>\n\n\n\n<hr class=\"wp-block-coblocks-dynamic-separator\" style=\"height:50px;\" \/>\n\n\n\n<div class=\"wp-block-media-text alignfull is-stacked-on-mobile\" style=\"grid-template-columns:36% auto;\"><figure class=\"wp-block-media-text__media\"><img decoding=\"async\" loading=\"lazy\" width=\"388\" height=\"485\" src=\"https:\/\/www.pravos.unios.hr\/diginlaw\/wp-content\/uploads\/2021\/04\/dr-rossana-ducato-1-1.jpg?w=388\" alt=\"\" class=\"wp-image-547 size-full\" srcset=\"https:\/\/www.pravos.unios.hr\/diginlaw\/wp-content\/uploads\/2021\/04\/dr-rossana-ducato-1-1.jpg 388w, https:\/\/www.pravos.unios.hr\/diginlaw\/wp-content\/uploads\/2021\/04\/dr-rossana-ducato-1-1-240x300.jpg 240w\" sizes=\"(max-width: 388px) 100vw, 388px\" \/><\/figure><div class=\"wp-block-media-text__content\">\n<h2 class=\"margin-bottom-half wp-block-heading\">ROSSANA DUCATO<\/h2>\n\n\n\n<p class=\"margin-top-half has-medium-font-size\"><strong><span style=\"color:#293940;\" class=\"has-inline-color\"><span class=\"uppercase\">PhD, LECTURER<\/span><\/span><\/strong><\/p>\n\n\n\n<div class=\"wp-block-buttons is-layout-flex\"><\/div>\n\n\n\n<p class=\"has-text-align-justify\">Rossana Ducato&nbsp;is Lecturer of IT Law and Regulation at the University of Aberdeen, School of Law. She is also research fellow at the&nbsp;UCLouvain&nbsp;<em>Centre de recherche&nbsp;interdisciplinaire Droit Entreprise et Soci\u00e9t\u00e9<\/em>&nbsp;(CRIDES), where she is Module leader of the Erasmus+ Jean Monnet course \u00ab&nbsp;European IT Law by Design&nbsp;\u00bb.<br>Her research interests are always pursued in a comparative vein and range from Privacy and Data Protection to Consumer protection, Intellectual Property Law, Law and Design, and Law and Behavioural Science, with a special focus on the problems related to new technologies and their impact on society.<br>She is the author of several peer-reviewed articles and chapters in scholarly books about issues related to law and technology with particular attention to the platform economy, Big and Open Data, cloud computing, drones, research biobanks, and health information technologies.&nbsp;She is originally from Palermo.<\/p>\n<\/div><\/div>\n\n\n\n<div class=\"wp-block-media-text alignfull is-stacked-on-mobile\" style=\"grid-template-columns:36% auto;\"><figure class=\"wp-block-media-text__media\"><img decoding=\"async\" loading=\"lazy\" width=\"310\" height=\"388\" src=\"https:\/\/www.pravos.unios.hr\/diginlaw\/wp-content\/uploads\/2021\/04\/burcu-yuksel-ripley-1-1.jpg?w=310\" alt=\"\" class=\"wp-image-546 size-full\" srcset=\"https:\/\/www.pravos.unios.hr\/diginlaw\/wp-content\/uploads\/2021\/04\/burcu-yuksel-ripley-1-1.jpg 310w, https:\/\/www.pravos.unios.hr\/diginlaw\/wp-content\/uploads\/2021\/04\/burcu-yuksel-ripley-1-1-240x300.jpg 240w\" sizes=\"(max-width: 310px) 100vw, 310px\" \/><\/figure><div class=\"wp-block-media-text__content\">\n<h2 class=\"margin-bottom-half wp-block-heading\">Burcu Y\u00fcksel Ripley <\/h2>\n\n\n\n<p class=\"margin-top-half has-medium-font-size\"><strong><span style=\"color:#293940;\" class=\"has-inline-color\"><span class=\"uppercase\">PhD, SENIOR LECTURER<\/span><\/span><\/strong><\/p>\n\n\n\n<div class=\"wp-block-buttons is-layout-flex\"><\/div>\n\n\n\n<p class=\"has-text-align-justify\">Dr Burcu Y\u00fcksel Ripley is a Lecturer in law and the Director&nbsp;of the Centre for Commercial Law at the University of Aberdeen. She is also the Programme Coordinator for commercial law themed LLMs (online, on-campus and blended) with a focus on international commercial law, international trade law and sustainability.&nbsp;Her research interests are in private international law, international trade and finance law, international payments, international commercial law and dispute resolution, and law and technology (in particular digitalisation,&nbsp;distributed ledger technology\/blockchain and cryptocurrencies). Burcu is a NERC Constructing a Digital Environment (CDE) Fellow of the&nbsp;Digital Environment Expert Network&nbsp;as part of the&nbsp;NERC\/UKRI \u2018Constructing a Digital Environment\u2019 Programme.<\/p>\n<\/div><\/div>\n\n\n\n<hr class=\"wp-block-coblocks-dynamic-separator\" style=\"height:50px;\" \/>\n","protected":false},"excerpt":{"rendered":"<p>The University of Aberdeen was founded in 1495, is Scotland&#8217;s third oldest University and is the fifth oldest in the UK. Aberdeen is an international university built&hellip; <span class=\"read-more\"><a class=\"more-link\" href=\"https:\/\/www.pravos.unios.hr\/diginlaw\/the-university-court-of-the-university-of-aberdeen\/\" rel=\"bookmark\">Read more <span class=\"screen-reader-text\">&#8220;The University of Aberdeen (United Kingdom)&#8221;<\/span><\/a><\/span><\/p>\n","protected":false},"author":1,"featured_media":0,"parent":0,"menu_order":0,"comment_status":"closed","ping_status":"closed","template":"","meta":[],"_links":{"self":[{"href":"https:\/\/www.pravos.unios.hr\/diginlaw\/wp-json\/wp\/v2\/pages\/258"}],"collection":[{"href":"https:\/\/www.pravos.unios.hr\/diginlaw\/wp-json\/wp\/v2\/pages"}],"about":[{"href":"https:\/\/www.pravos.unios.hr\/diginlaw\/wp-json\/wp\/v2\/types\/page"}],"author":[{"embeddable":true,"href":"https:\/\/www.pravos.unios.hr\/diginlaw\/wp-json\/wp\/v2\/users\/1"}],"replies":[{"embeddable":true,"href":"https:\/\/www.pravos.unios.hr\/diginlaw\/wp-json\/wp\/v2\/comments?post=258"}],"version-history":[{"count":0,"href":"https:\/\/www.pravos.unios.hr\/diginlaw\/wp-json\/wp\/v2\/pages\/258\/revisions"}],"wp:attachment":[{"href":"https:\/\/www.pravos.unios.hr\/diginlaw\/wp-json\/wp\/v2\/media?parent=258"}],"curies":[{"name":"wp","href":"https:\/\/api.w.org\/{rel}","templated":true}]}}