{"id":276,"date":"2021-04-03T15:43:52","date_gmt":"2021-04-03T13:43:52","guid":{"rendered":"https:\/\/diginlaw.wordpress.com\/?page_id=276"},"modified":"2021-04-03T15:43:52","modified_gmt":"2021-04-03T13:43:52","slug":"sveuciliste-u-zagrebu-sveucilisni-racunski-centar-croatia","status":"publish","type":"page","link":"https:\/\/www.pravos.unios.hr\/diginlaw\/sveuciliste-u-zagrebu-sveucilisni-racunski-centar-croatia\/","title":{"rendered":"Sveu\u010dili\u0161te u Zagrebu, Sveu\u010dili\u0161ni ra\u010dunski centar (Croatia)"},"content":{"rendered":"\n<div class=\"wp-block-image\"><figure class=\"aligncenter size-large is-resized\"><img decoding=\"async\" loading=\"lazy\" src=\"https:\/\/www.pravos.unios.hr\/diginlaw\/wp-content\/uploads\/2021\/04\/srce_logo_s_potpisom_engl-1.png?w=714\" alt=\"\" class=\"wp-image-280\" width=\"504\" height=\"194\" srcset=\"https:\/\/www.pravos.unios.hr\/diginlaw\/wp-content\/uploads\/2021\/04\/srce_logo_s_potpisom_engl-1.png 714w, https:\/\/www.pravos.unios.hr\/diginlaw\/wp-content\/uploads\/2021\/04\/srce_logo_s_potpisom_engl-1-300x116.png 300w\" sizes=\"(max-width: 504px) 100vw, 504px\" \/><\/figure><\/div>\n\n\n\n<p class=\"has-text-align-justify\"> University of Zagreb University Computing Centre &#8211; SRCE was founded in 1971. While it is the oldest infrastructural institution of the academic and research community in the area of application of information and communication technologies (ICT), SRCE is the key institution in planning, designing, construction, and maintenance of the computing, data and information infrastructure, the e-infrastructure for Croatian A&amp;R community. SRCE continuously maintains stable, reliable and high quality operations of the e-infrastructure, ensuring its connection with the related European and global e-infrastructure and provides consulting and educational support to the members of the academic and research community. SRCE is expert center for ICT and center for education and support in the area of ICT application. SRCE is a public body and non-profit organization with 150 employees. <\/p>\n\n\n\n<div class=\"wp-block-image\"><figure class=\"aligncenter size-large is-resized\"><img decoding=\"async\" loading=\"lazy\" src=\"https:\/\/www.pravos.unios.hr\/diginlaw\/wp-content\/uploads\/2021\/04\/zgrada_srca_slika-1-1.jpg?w=775\" alt=\"\" class=\"wp-image-309\" width=\"611\" height=\"458\" \/><\/figure><\/div>\n\n\n\n<p class=\"has-text-align-justify\">SRCE is actively participating in national and international projects in the area of information technologies and their implementation into research and education for more than 40 years. The central unit at the national level, which provides assistance in implementation of e-learning in higher education, is the E-learning Centre at the University Computing Centre SRCE. The focus of the E-learning Centre is to provide accessible and sustainable support to higher teachers, students and education institutions in use and application of new technologies into teaching and learning. The E-learning Centre is providing national e-learning platform for higher education with over 20.000 e-courses, more than 9.000 teachers and over 80.000 students per academic year. The E-learning platform Merlin (https:\/\/merlin.srce.hr) is based on open-source system Moodle and it is developed, maintained and administrated by the E-learning Centre team. It enables a reliable and free of charge virtual learning environment (VLE) for higher education institutions, teaching staff and students. Merlin is connected to Information System of Higher Education Institutions (ISVU), e-portfolio system (Mahara) and webinar system (Adobe Connect). <\/p>\n\n\n\n<hr class=\"wp-block-coblocks-dynamic-separator\" style=\"height:50px;\" \/>\n\n\n\n<div class=\"wp-block-media-text alignfull is-stacked-on-mobile\" style=\"grid-template-columns:36% auto;\"><figure class=\"wp-block-media-text__media\"><img decoding=\"async\" loading=\"lazy\" width=\"562\" height=\"450\" src=\"https:\/\/www.pravos.unios.hr\/diginlaw\/wp-content\/uploads\/2021\/04\/skucina_slika-1-2.jpg?w=562\" alt=\"\" class=\"wp-image-564 size-full\" srcset=\"https:\/\/www.pravos.unios.hr\/diginlaw\/wp-content\/uploads\/2021\/04\/skucina_slika-1-2.jpg 562w, https:\/\/www.pravos.unios.hr\/diginlaw\/wp-content\/uploads\/2021\/04\/skucina_slika-1-2-300x240.jpg 300w\" sizes=\"(max-width: 562px) 100vw, 562px\" \/><\/figure><div class=\"wp-block-media-text__content\">\n<h2 class=\"margin-bottom-half wp-block-heading\">SANDRA KU\u010cINA SOFTI\u0106<\/h2>\n\n\n\n<p class=\"margin-top-half has-medium-font-size\"><strong><span style=\"color:#293940;\" class=\"has-inline-color\"><span class=\"uppercase\">PHD, ASSISTANT DIRECTOR FOR EDUCATION AND USER SUPPORT<\/span><\/span><\/strong><\/p>\n\n\n\n<div class=\"wp-block-buttons is-layout-flex\"><\/div>\n\n\n\n<p class=\"has-text-align-justify\">Dr. Sandra Ku\u010dina Softi\u0107 is the Assistant Director for Education and User Support at the Zagreb University Computing Centre (Croatia). She is also the Head of the E-learning Centre and the Head of the Office for E-learning at the University of Zagreb. Her work is focused on monitoring and fostering e-learning in Croatian higher education and providing support and advice to institutions, teachers and students in implementation of new technologies in learning and teaching.<\/p>\n\n\n\n<p class=\"has-text-align-justify\">She has a master\u2019s degree in Digital Education at the University of Edinburgh (United Kingdom) and PhD in Information and Communication Technologies at the University of Zagreb (Croatia).<\/p>\n\n\n\n<p class=\"has-text-align-justify\">She has been a member of EDEN Executive Committee since 2013 and in 2014 she received the EDEN Fellow Title. In 2019 she became president of EDEN.<\/p>\n<\/div><\/div>\n\n\n\n<hr class=\"wp-block-coblocks-dynamic-separator\" style=\"height:50px;\" \/>\n\n\n\n<div class=\"wp-block-media-text alignfull is-stacked-on-mobile\" style=\"grid-template-columns:36% auto;\"><figure class=\"wp-block-media-text__media\"><img decoding=\"async\" loading=\"lazy\" width=\"2443\" height=\"3054\" src=\"https:\/\/www.pravos.unios.hr\/diginlaw\/wp-content\/uploads\/2021\/04\/tona_radobolja_slika-1-1.png?w=819\" alt=\"\" class=\"wp-image-563 size-full\" srcset=\"https:\/\/www.pravos.unios.hr\/diginlaw\/wp-content\/uploads\/2021\/04\/tona_radobolja_slika-1-1.png 2443w, https:\/\/www.pravos.unios.hr\/diginlaw\/wp-content\/uploads\/2021\/04\/tona_radobolja_slika-1-1-240x300.png 240w, https:\/\/www.pravos.unios.hr\/diginlaw\/wp-content\/uploads\/2021\/04\/tona_radobolja_slika-1-1-819x1024.png 819w, https:\/\/www.pravos.unios.hr\/diginlaw\/wp-content\/uploads\/2021\/04\/tona_radobolja_slika-1-1-768x960.png 768w, https:\/\/www.pravos.unios.hr\/diginlaw\/wp-content\/uploads\/2021\/04\/tona_radobolja_slika-1-1-1229x1536.png 1229w, https:\/\/www.pravos.unios.hr\/diginlaw\/wp-content\/uploads\/2021\/04\/tona_radobolja_slika-1-1-1638x2048.png 1638w\" sizes=\"(max-width: 2443px) 100vw, 2443px\" \/><\/figure><div class=\"wp-block-media-text__content\">\n<h2 class=\"margin-bottom-half wp-block-heading\">tona radobolja<\/h2>\n\n\n\n<p class=\"margin-top-half has-medium-font-size\"><strong><span style=\"color:#293940;\" class=\"has-inline-color\"><span class=\"uppercase\">it specialist<\/span><\/span><\/strong><\/p>\n\n\n\n<div class=\"wp-block-buttons is-layout-flex\"><\/div>\n\n\n\n<p class=\"has-text-align-justify\">Tona Radobolja works as an IT specialist at the E-learning Centre at SRCE and she heads E-course development projects. Her field of duty is tutoring and instructional design of e-courses. Among other activities, she has created several workshops on how to use Moodle, Mahara and Adobe Connect, as well on learning outcomes in e-learning which E-learning Centre provides for teachers. She holds the following certificates: CARNET E-learning Academy &#8211; Course Design; E-course for e-mentors, CARNET; Expert for e-learning content design, Cognita; Moodle Course Creator Certificate; MoodleBiteas for Teachers, MoodleBites for Course Designers and MaharaBites for Teachers.<\/p>\n<\/div><\/div>\n\n\n\n<hr class=\"wp-block-coblocks-dynamic-separator\" style=\"height:50px;\" \/>\n\n\n\n<div class=\"wp-block-media-text alignfull is-stacked-on-mobile\" style=\"grid-template-columns:36% auto;\"><figure class=\"wp-block-media-text__media\"><img decoding=\"async\" loading=\"lazy\" width=\"705\" height=\"882\" src=\"https:\/\/www.pravos.unios.hr\/diginlaw\/wp-content\/uploads\/2021\/04\/petra_gmajner_slika-1-1.jpeg?w=705\" alt=\"\" class=\"wp-image-562 size-full\" srcset=\"https:\/\/www.pravos.unios.hr\/diginlaw\/wp-content\/uploads\/2021\/04\/petra_gmajner_slika-1-1.jpeg 705w, https:\/\/www.pravos.unios.hr\/diginlaw\/wp-content\/uploads\/2021\/04\/petra_gmajner_slika-1-1-240x300.jpeg 240w\" sizes=\"(max-width: 705px) 100vw, 705px\" \/><\/figure><div class=\"wp-block-media-text__content\">\n<h2 class=\"margin-bottom-half wp-block-heading\">PETRA GMAJNER<\/h2>\n\n\n\n<p class=\"margin-top-half has-medium-font-size\"><strong><span style=\"color:#293940;\" class=\"has-inline-color\"><span class=\"uppercase\">it specialist<\/span><\/span><\/strong><\/p>\n\n\n\n<div class=\"wp-block-buttons is-layout-flex\"><\/div>\n\n\n\n<p class=\"has-text-align-justify\">Petra Gmajner graduated from Faculty of Science at University of Zagreb (Master of Education in Physics and Computer Science). She works as an IT specialist at the E-learning Centre at SRCE from July 2019. Her job includes providing support to Mahara, Moodle and Adobe Connect users, developing online courses and tutorials, with extra focus on Mahara and e-portfolio development. She holds MoodleBites for Teachers certificate and Moodle Educator Certificate (MEC).<\/p>\n<\/div><\/div>\n\n\n\n<hr class=\"wp-block-coblocks-dynamic-separator\" style=\"height:50px;\" \/>\n\n\n\n<div class=\"wp-block-media-text alignfull is-stacked-on-mobile\" style=\"grid-template-columns:36% auto;\"><figure class=\"wp-block-media-text__media\"><img decoding=\"async\" loading=\"lazy\" width=\"1762\" height=\"2204\" src=\"https:\/\/www.pravos.unios.hr\/diginlaw\/wp-content\/uploads\/2021\/04\/tea_cicko_slika-1-1.jpeg?w=819\" alt=\"\" class=\"wp-image-561 size-full\" srcset=\"https:\/\/www.pravos.unios.hr\/diginlaw\/wp-content\/uploads\/2021\/04\/tea_cicko_slika-1-1.jpeg 1762w, https:\/\/www.pravos.unios.hr\/diginlaw\/wp-content\/uploads\/2021\/04\/tea_cicko_slika-1-1-240x300.jpeg 240w, https:\/\/www.pravos.unios.hr\/diginlaw\/wp-content\/uploads\/2021\/04\/tea_cicko_slika-1-1-819x1024.jpeg 819w, https:\/\/www.pravos.unios.hr\/diginlaw\/wp-content\/uploads\/2021\/04\/tea_cicko_slika-1-1-768x961.jpeg 768w, https:\/\/www.pravos.unios.hr\/diginlaw\/wp-content\/uploads\/2021\/04\/tea_cicko_slika-1-1-1228x1536.jpeg 1228w, https:\/\/www.pravos.unios.hr\/diginlaw\/wp-content\/uploads\/2021\/04\/tea_cicko_slika-1-1-1637x2048.jpeg 1637w\" sizes=\"(max-width: 1762px) 100vw, 1762px\" \/><\/figure><div class=\"wp-block-media-text__content\">\n<h2 class=\"margin-bottom-half wp-block-heading\">TEA \u010cI\u010cKO<\/h2>\n\n\n\n<p class=\"margin-top-half has-medium-font-size\"><strong><span style=\"color:#293940;\" class=\"has-inline-color\"><span class=\"uppercase\">it specialist<\/span><\/span><\/strong><\/p>\n\n\n\n<div class=\"wp-block-buttons is-layout-flex\"><\/div>\n\n\n\n<p class=\"has-text-align-justify\">Tea \u010ci\u010dko graduated from the Faculty of Humanities and Social Sciences in Zagreb (German Language and Literature, as well as Information and Communication Sciences) and obtained a Master\u2019s Degree in Teaching German and Information Sciences. When she was a student, she got familiar with e-learning tools that she actively used in classroom later on. From November 2019, she works as an IT specialist at the E-learning Centre at SRCE. Her job includes providing support to users of the Merlin system, developing online courses and tutorials.<\/p>\n<\/div><\/div>\n\n\n\n<hr class=\"wp-block-coblocks-dynamic-separator\" style=\"height:50px;\" \/>\n","protected":false},"excerpt":{"rendered":"<p>University of Zagreb University Computing Centre &#8211; SRCE was founded in 1971. While it is the oldest infrastructural institution of the academic and research community in the&hellip; <span class=\"read-more\"><a class=\"more-link\" href=\"https:\/\/www.pravos.unios.hr\/diginlaw\/sveuciliste-u-zagrebu-sveucilisni-racunski-centar-croatia\/\" rel=\"bookmark\">Read more <span class=\"screen-reader-text\">&#8220;Sveu\u010dili\u0161te u Zagrebu, Sveu\u010dili\u0161ni ra\u010dunski centar (Croatia)&#8221;<\/span><\/a><\/span><\/p>\n","protected":false},"author":1,"featured_media":290,"parent":0,"menu_order":0,"comment_status":"closed","ping_status":"closed","template":"","meta":[],"_links":{"self":[{"href":"https:\/\/www.pravos.unios.hr\/diginlaw\/wp-json\/wp\/v2\/pages\/276"}],"collection":[{"href":"https:\/\/www.pravos.unios.hr\/diginlaw\/wp-json\/wp\/v2\/pages"}],"about":[{"href":"https:\/\/www.pravos.unios.hr\/diginlaw\/wp-json\/wp\/v2\/types\/page"}],"author":[{"embeddable":true,"href":"https:\/\/www.pravos.unios.hr\/diginlaw\/wp-json\/wp\/v2\/users\/1"}],"replies":[{"embeddable":true,"href":"https:\/\/www.pravos.unios.hr\/diginlaw\/wp-json\/wp\/v2\/comments?post=276"}],"version-history":[{"count":0,"href":"https:\/\/www.pravos.unios.hr\/diginlaw\/wp-json\/wp\/v2\/pages\/276\/revisions"}],"wp:featuredmedia":[{"embeddable":true,"href":"https:\/\/www.pravos.unios.hr\/diginlaw\/wp-json\/wp\/v2\/media\/290"}],"wp:attachment":[{"href":"https:\/\/www.pravos.unios.hr\/diginlaw\/wp-json\/wp\/v2\/media?parent=276"}],"curies":[{"name":"wp","href":"https:\/\/api.w.org\/{rel}","templated":true}]}}