{"id":500,"date":"2020-08-30T21:25:24","date_gmt":"2020-08-30T21:25:24","guid":{"rendered":"https:\/\/www.pravos.unios.hr\/webshop\/?page_id=500"},"modified":"2020-08-30T21:25:24","modified_gmt":"2020-08-30T21:25:24","slug":"opci-uvjeti-poslovanja","status":"publish","type":"page","link":"https:\/\/www.pravos.unios.hr\/webshop\/opci-uvjeti-poslovanja\/","title":{"rendered":"Op\u0107i uvjeti poslovanja"},"content":{"rendered":"\n<p><strong>OP\u0106I UVJETI POSLOVANJA<\/strong><\/p>\n\n\n\n<p><strong>Uvjeti prodaje putem internetske trgovine \u201ePravos\u201c<\/strong><\/p>\n\n\n\n<p><strong>Informacije o pru\u017eatelju usluge<br><\/strong><\/p>\n\n\n\n<p>E-mail web-trgovine:&nbsp;<a href=\"mailto:webshop@pravos.hr\">webshop@pravos.hr<\/a><\/p>\n\n\n\n<p>Pravni fakultet Osijek, Sveu\u010dili\u0161te Josipa Jurja Strossmayera u Osijeku, sa sjedi\u0161tem u Republici Hrvatskoj, Osijek, Stjepana Radi\u0107a 13 upisan je u registar Trgova\u010dkog suda u Osijeku pod mati\u010dnim brojem (MBS): 3014191, osobni identifikacijski broj (OIB): 26416570803.<\/p>\n\n\n\n<p>Ra\u010dun u Privredna banka d.d. IBAN: HR8023400091100163962<\/p>\n\n\n\n<p><strong>Zna\u010denje izraza navedenih u ovim op\u0107im uvjetima<\/strong><\/p>\n\n\n\n<p>Na uvjete poslovanja primjenjuje se Zakon o za\u0161titi potro\u0161a\u010da (N.N. 41\/14, 110\/15, 14\/19), glava III. \u2013 Ugovor sklopljen na daljinu, od \u010dlanka 57. do \u010dlanka 79.<\/p>\n\n\n\n<ol type=\"1\"><li>Prodavatelj \u2013 Pravni fakultet Osijek, Sveu\u010dili\u0161te Josipa Jurja Strossmayera u Osijeku, Stjepana Radi\u0107a 13, OIB: 26416570803<\/li><li>https:\/\/www.pravos.unios.hr\/webshop &nbsp;\u2013 web-stranica u vlasni\u0161tvu Prodavatelja koja sadr\u017ei informacije o proizvodima i uslugama Pravnog fakulteta Osijek te slu\u017ei kao elektroni\u010dko prodajno mjesto \u2013 web shop<\/li><li>Kupac \u2013 svaka osoba koja je nakon pregleda i odabira proizvoda ili usluge izvr\u0161ila registraciju svojih podataka te naru\u010dila proizvod<\/li><li>Korisnik \u2013 svaka osoba koja se web-stranicom &#8220;https:\/\/www.pravos.unios.hr\/webshop&#8221; koristi u svrhu dobivanja informacija o sadr\u017eaju i\/ili ostvarivanju kupnje prikazanih proizvoda<\/li><li>Online kupnja ili web-trgovina \u2013 ostvarivanje kupnje proizvoda putem web-trgovine&nbsp;&#8220;https:\/\/www.pravos.unios.hr\/webshop&#8221;<\/li><li>Proizvodi \u2013 svi proizvodi koji su istaknuti na web-trgovini &#8220;https:\/\/www.pravos.unios.hr\/webshop&#8221;, a koje je mogu\u0107e kupiti putem web-trgovine.<\/li><\/ol>\n\n\n\n<p><strong>Op\u0107e odredbe uvjeta prodaje<\/strong><\/p>\n\n\n\n<ol type=\"1\"><li>Nositelj svih prava na internetskoj stranici&nbsp;https:\/\/www.pravos.unios.hr\/webshop &nbsp;je Pravni fakultet Osijek. Smatra se da su potro\u0161a\u010di kori\u0161tenjem usluge web-trgovine&nbsp;&#8220;https:\/\/www.pravos.unios.hr\/webshop&#8221; u svakom trenutku upoznati s ovim Uvjetima prodaje (u daljnjem tekstu: Uvjeti) te da ih u cijelosti razumiju i prihva\u0107aju.<\/li><li>Ovi Uvjeti primjenjuju se na prava i obveze koje se odnose na kupnju proizvoda ili usluga putem web-trgovine \u201epravos.unios.hr\u201c te na prava i obveze koje proizlaze iz sklapanja Ugovora o prodaji na daljinu (u daljnjem tekstu: Ugovor) izme\u0111u potro\u0161a\u010da kao krajnjeg kupca i web-trgovine \u201epravos.unios.hr\u201c. Oni se smatraju sastavnim dijelom takvih ugovora u odnosu na uvjete i na\u010din naru\u010divanja proizvoda, cijene proizvoda, na\u010dine pla\u0107anja, jamstva, reklamacije i povrate, dostave, za\u0161titu tajnosti osobnih podataka i druga pitanja vezana uz kori\u0161tenje web-trgovine \u201epravos.unios.hr\u201c i online kupnje. Pravni fakultet Osijek zadr\u017eava pravo na izmjenu ovih uvjeta prodaje te ih mo\u017ee promijeniti bez prethodne najave. Sve eventualne promjene primijenit \u0107e se na uporabu stranice &#8220;https:\/\/www.pravos.unios.hr\/webshop&#8221;.<\/li><li>Ugovor o kupoprodaji proizvoda izme\u0111u Kupca i Prodavatelja zaklju\u010den je u trenutku narud\u017ebe proizvoda.<\/li><li>Proizvodi naru\u010deni putem web trgovine &#8220;https:\/\/www.pravos.unios.hr\/webshop&#8221; biti \u0107e dostavljeni na podru\u010dju Republike Hrvatske. Za podru\u010dje izvan Republike Hrvatske pakiranje, dostava i po\u0161tarina napla\u0107uju se prema ponudi koju Stilus knjiga \u0161alje kupcu.<\/li><li>Kupac mo\u017ee biti samo punoljetna i poslovno sposobna osoba. Ugovor u ime i za ra\u010dun maloljetnika i potpuno poslovno nesposobne osobe mogu zaklju\u010diti njihovi zakonski zastupnici ili skrbnici, a djelomi\u010dno poslovno sposobne osobe ugovor mogu zaklju\u010diti samo uz suglasnost njihova zakonskog zastupnika ili skrbnika. Za postupanje suprotno ovoj odredbi Prodavatelj ne snosi nikakvu odgovornost. Kupcem se smatra svaka osoba koja naru\u010di barem jedan proizvod na web-trgovini \u201cpravos.unios.hr\u201c, popuni tra\u017eene podatke i plati naru\u010deni proizvod. Primatelj je osoba kojoj se proizvod isporu\u010duje, a mo\u017ee biti ista ili razli\u010dita je od osobe Kupca. Ako su u podacima o Kupcu upisani podaci o pravnoj osobi, tada se kupcem smatra pravna osoba, a fizi\u010dka osoba \u010diji su podaci uneseni smatra se ovla\u0161tenom osobom Kupca.<\/li><li>Prihva\u0107anjem op\u0107ih uvjeta prodaje, Kupac izjavljuje da su svi podaci koje je dao o sebi istiniti i potpuni, da je poslovno sposoban, ovla\u0161teni korisnik kreditne kartice te da ne postoje nikakve poznate zapreke za naru\u010divanje i kupnju proizvoda od Pravnog fakulteta Osijek tj. za kupnju na web-trgovini Pravnog fakulteta Osijek. Pravni fakultet Osijek sukladno izjavi o privatnosti i sigurnosti podataka prikuplja samo osnovne podatke koji su nu\u017eni za ispunjavanje obveza. Prihva\u0107anjem op\u0107ih uvjeta prodaje Kupac izjavljuje da su svi podaci koje je dao o sebi istiniti i potpuni, da je poslovno sposoban, ovla\u0161teni korisnik kreditne kartice te da ne postoje nikakve poznate mu zapreke naru\u010divanju i kupnji proizvoda, tj. za kupnju putem internetske knji\u017eare. Kori\u0161tenjem usluga web-trgovine Pravnog fakulteta Osijek prihva\u0107ate ove uvjete prodaje.<\/li><\/ol>\n\n\n\n<p>Pravni fakultet Osijek ne odgovara za eventualnu \u0161tetu nastalu kori\u0161tenjem ove web-trgovine te kori\u0161tenjem informacija s ove web-stranice u svrhe koje izlaze izvan okvira predvi\u0111ene namjene.<\/p>\n\n\n\n<ul><li>Prodavatelj je ovla\u0161ten, bez prethodne obavijesti, mijenjati sadr\u017eaj ovih Op\u0107ih uvjeta, asortiman proizvoda, cijene, druge podatke vezane uz web-trgovinu kao i sav ostali sadr\u017eaj stranice &#8220;https:\/\/www.pravos.unios.hr\/webshop&#8221; zbog \u010dega su korisnici du\u017eni prilikom svakog posjeta web-stranici pregledati njezin sadr\u017eaj. Suprotno postupanje osloba\u0111a Prodavatelja bilo kakve odgovornosti. Navedene promjene stupaju na snagu objavom na internetskoj stranici&nbsp;https:\/\/www.pravos.unios.hr\/webshop<\/li><li>Pravni fakultet Osijek ne odgovara za eventualnu \u0161tetu nastalu kori\u0161tenjem ove web-stranice te kori\u0161tenjem informacija s ove web-stranice u svrhe koje izlaze izvan okvira predvi\u0111ene namjene.<\/li><li>Prodavatelj se potpunosti odri\u010de bilo kakve odgovornosti za to\u010dnost i\/ili potpunost svih informacija i sadr\u017eaja koji se nalaze na stranici &#8220;https:\/\/www.pravos.unios.hr\/webshop&#8221;. Pravni fakultet Osijek zadr\u017eava pravo pogre\u0161ke u opisu i slici proizvoda koje su postavljeni prema informacijama dobivenima od proizvo\u0111a\u010da.<\/li><\/ul>\n\n\n\n<p><strong>Web-trgovina \u2013 sklapanje i raskid ugovora o prodaji<\/strong><\/p>\n\n\n\n<ol type=\"1\"><li>Online kupnja mo\u017ee se ostvariti samo ako se kupac registrira na stranici &#8220;https:\/\/www.pravos.unios.hr\/webshop&#8221;. Prilikom ispunjavanja registracijskog obrasca kupac je du\u017ean dati to\u010dne, va\u017ee\u0107e i potpune osobne podatke. Kupac snosi odgovornost za to\u010dnost i potpunost unesenih podataka prilikom registracije. Ovi uvjeti, kao i pojedini uvjeti prodaje nazna\u010deni uz informacije o odre\u0111enim proizvodima, predstavljaju ponudu Pravnog fakulteta Osijek za sklapanje ugovora te ih korisnik kao kupac svojom registracijom, zaklju\u010divanjem narud\u017ebe ili na drugi na\u010din utvr\u0111en ovim Uvjetima prihva\u0107a, \u010dime se smatra da je zaklju\u010den ugovor izme\u0111u kupca i Pravnog fakulteta Osijek, a prema uvjetima prodaje navedenima u ovim Uvjetima.<\/li><li>Predmet i komercijalna svrha Ugovora jest kupnja odabranog proizvoda ili usluge putem web-trgovine &#8220;https:\/\/www.pravos.unios.hr\/webshop&#8221; uz pla\u0107anje odgovaraju\u0107e naknade \u2013 cijene proizvoda. Ugovor se zaklju\u010duje sredstvima daljinske komunikacije (Ugovor sklopljen na daljinu) i to putem internetske narud\u017ebe na web-trgovini ili tiskanih promid\u017ebenih poruka s narud\u017ebenicom.<\/li><li>Kupac je ovla\u0161ten izabrati mogu\u0107nost da ga prodavatelj informira o novim proizvodima, proizvodima na akciji sl. (newsletter). Nakon uspje\u0161no obavljene registracije (pravilno popunjeni svi tra\u017eeni podaci) na e-mail kupca bit \u0107e dostavljena obavijest o uspje\u0161noj registraciji.<\/li><li>Proizvodi koje je mogu\u0107e kupiti ogla\u0161eni su na stranici&nbsp;https:\/\/www.pravos.unios.hr\/webshop , a uz svaki proizvod navedeni su podaci o specifikaciji proizvoda, cijeni. Cijena i uvjeti dostave navedeni su u poglavlju \u201cNa\u010dini dostave\u201d. Fotografije proizvoda ilustrativne su prirode te ne moraju uvijek i u svim detaljima odgovarati proizvodima koji su predmet narud\u017ebe, pogotovo s obzirom na postavke monitora na ra\u010dunalu kupca, razlike u percepciji boja koje kupac vidi na zaslonu i sl. U slu\u010daju navedenog nesklada izme\u0111u proizvoda prikazanog na fotografiji i isporu\u010denog proizvoda nije rije\u010d o nedostatku proizvoda. Podaci o proizvodima (opis proizvoda, cijena i dr.) prikazani u web-trgovini Pravnog fakulteta Osijek podlo\u017eni su bugovima, nepravilnostima u radu aplikacije, drugim tehni\u010dkim nepravilnostima, tipografskim pogre\u0161kama i sl.<\/li><li>Proizvodi se naru\u010duju odabirom, kori\u0161tenjem menija i popunjavanjem elektroni\u010dkog formulara. Kupac mo\u017ee naru\u010diti i kupiti proizvod kao registrirani korisnik. Odabir \u017eeljenog proizvoda vr\u0161i se spremanjem u ko\u0161aricu klikom na ikonu \u201eko\u0161arica\u201c. Ako kupac izvr\u0161i kupnju proizvoda koji je u me\u0111uvremenu prodan, tada \u0107e prodavatelj kontaktirati kupca radi dogovora o daljnjem postupanju (povrat upla\u0107enog iznosa, kupnja drugog proizvoda ili isporuka proizvoda iste vrste kada ga prodavatelj pribavi od svojih dobavlja\u010da).<\/li><li>U \u201eko\u0161arici\u201c se nalaze svi proizvodi koje je kupac odabrao za kupnju s cijenom proizvoda i cijenom dostave te ukupnom cijenom (uklju\u010den PDV). Ako kupac \u017eeli nastaviti kupnju, odabrat \u0107e ikonu \u201ekupi\u201c, a sustav \u0107e ga dalje automatski voditi do \u201enarud\u017ebe\u201c, gdje je potrebno potvrditi podatke koje je kupac unio prilikom registracije, adresu dostave proizvoda, potvrditi ili eventualno izmijeniti dostavu ra\u010duna i odabir na\u010dina pla\u0107anja (virmansko pla\u0107anje, pla\u0107anje pouze\u0107em ili pla\u0107anje kreditnom karticom). U procesu kupnje tro\u0161ak po\u0161tarine bit \u0107e prikazan u ko\u0161arici. Detalji ra\u010duna mogu se promijeniti ovisno o tome prima li ra\u010dun fizi\u010dka ili pravna osoba. Ako ra\u010dun prima pravna osoba, kupac treba unijeti sve tra\u017eene podatke.<\/li><li>U \u201epotvrdi narud\u017ebe\u201c nalaze se podaci o broju narud\u017ebe, pla\u0107anju kao i obavijest o odaslanju potvrdnog e-maila koji sadr\u017ei ponudu prodaje odabranih proizvoda te obavijest o e-mail adresi i broju telefona putem kojih kupac mo\u017ee dobiti sve potrebne informacije. Nakon \u0161to je narud\u017eba zaprimljena, Pravni fakultet Osijek \u0107e elektronskim putem u obliku e-maila obavijestiti kupca o tome da je narud\u017eba zaprimljena odnosno da je proizvod naru\u010den. Proizvod se smatra naru\u010denim i narud\u017eba zaprimljena kada kupac izvr\u0161i cijeli postupak narud\u017ebe.<\/li><\/ol>\n\n\n\n<p><strong>Cijena<\/strong><\/p>\n\n\n\n<p>Cijene su proizvoda maloprodajne. Cijene proizvoda i cijene dostave izra\u017eene su u hrvatskoj nacionalnoj valuti, hrvatskoj kuni (kn), s PDV-om.<strong>&nbsp;Cijena je ista za sve na\u010dine pla\u0107anja.&nbsp;<\/strong><\/p>\n\n\n\n<p>Prodavatelj je ovla\u0161ten mijenjati cijene proizvoda bez prethodne obavijesti. Tako\u0111er, prodavatelj je ovla\u0161ten bez prethodne obavijesti u svakom trenutku odrediti popust, dnevne ili tjedne akcije, akcije za pojedini proizvod, grupu proizvoda i\/ili za sve proizvode, kao i za odre\u0111eni na\u010din pla\u0107anja.<\/p>\n\n\n\n<p>Neovisno od prethodne to\u010dke ovih Op\u0107ih uvjeta, sva naru\u010dena roba bit \u0107e isporu\u010dena po cijenama koje su vrijedile pri izradi ponude.<\/p>\n\n\n\n<p><strong>Reklamacije<\/strong><\/p>\n\n\n\n<p>U slu\u010daju povrata robe kupac je du\u017ean uputiti opravdanu reklamaciju Pravnom fakultetu Osijek i to e-mailom na adresu webshop@pravos.hr ili pismeno na adresu Pravni fakultet Osijek, Stjepana Radi\u0107a 13, 31 000 Osijek.<\/p>\n\n\n\n<p>Kupac ima pravo na povrat robe u sljede\u0107im slu\u010dajevima:<\/p>\n\n\n\n<ul><li>isporuka robe koja nije naru\u010dena<\/li><li>isporuka robe koja ima pogre\u0161ku ili o\u0161te\u0107enja koja nisu nastala u transportu.<\/li><\/ul>\n\n\n\n<p>Pri primitku robe provjera ispravnosti narud\u017ebe ovisi o kupcu te je kupac du\u017ean usporediti primljene artikle s naru\u010denima na ra\u010dunu. Ako ne\u0161to nedostaje ili je proizvod o\u0161te\u0107en, kupac je to du\u017ean prijaviti Pravnom fakultetu Osijek.<\/p>\n\n\n\n<p>Proizvod zajedno s izvornim ra\u010dunom kupac mora vratiti neo\u0161te\u0107en u originalnom pakiranju i u neizmijenjenoj koli\u010dini s pisanom reklamacijom koja mora sadr\u017eavati razlog za zamjenu u roku od 8 dana od dana primitka. U suprotnom ne\u0107emo mo\u0107i prihvatiti povrat. Tro\u0161kove zamjene snosi Pravni fakultet Osijek.<\/p>\n\n\n\n<p>Pravni fakultet Osijek nije odgovoran za eventualna o\u0161te\u0107enja proizvoda i ostale obveze koje se nalaze u domeni dostavlja\u010da (tvrtka koja obavlja poslove dostave proizvoda).<\/p>\n\n\n\n<p><strong>Pravo na raskid ugovora i povrat<\/strong><\/p>\n\n\n\n<p>Kupac ima pravo raskinuti ugovor sukladno \u010dlanku 74. Zakona o za\u0161titi potro\u0161a\u010da te nas o tome obavijestiti na e-mail adresu webshop@pravos.hr ili pismeno na adresu Pravni fakultet Osijek, Stjepana Radi\u0107a 13, 31 000 Osijek, u roku od 14 dana od dana zaklju\u010denja ugovora.<\/p>\n\n\n\n<p>U slu\u010daju kada je ugovor raskinut nakon izvr\u0161ene dostave proizvoda, kupac je du\u017ean o svojem tro\u0161ku vratiti proizvod neo\u0161te\u0107en, s originalnim ra\u010dunom i zapakiran u originalnu ambala\u017eu u roku od 14 dana od dana primitka robe. Novac za pla\u0107enu robu vratit \u0107emo u roku od 8 dana od na\u0161eg zaprimanja proizvoda. Tro\u0161ak povrata novca tereti kupca.<\/p>\n\n\n\n<p>U slu\u010daju raskida ugovora kod pla\u0107anja kreditnom karticom, kartica ne\u0107e biti tere\u0107ena, odnosno bit \u0107e tere\u0107ena samo za dio pred autoriziranog iznosa narud\u017ebe koji se odnosi na ugovoreni iznos tro\u0161kova dostave ako su za to ispunjene gore navedene pretpostavke.<\/p>\n\n\n\n<p>U slu\u010daju raskida ugovora pri pla\u0107anju e-bankingom i op\u0107om uplatnicom Pravni fakultet Osijek \u0107e upla\u0107eni iznos koji je du\u017ean vratiti kupcu umanjiti za iznos narud\u017ebe koji se odnosi na ugovoreni iznos tro\u0161kova dostave ako su za to ispunjene navedene pretpostavke.<\/p>\n\n\n\n<p>U slu\u010dajevima iz \u010dl. 79. Zakona o za\u0161titi potro\u0161a\u010da kupac nema pravo na raskid ugovora.<\/p>\n\n\n\n<p><strong>RASKID UGOVORA O KUPNJI<\/strong><\/p>\n\n\n\n<p><strong>Izvansudsko rje\u0161avanje potro\u0161a\u010dkih sporova:<\/strong><\/p>\n\n\n\n<p>U slu\u010daju spora obavje\u0161tavamo vas da se mo\u017eete koristiti mehanizmima izvansudskog rje\u0161avanja potro\u0161a\u010dkih sporova pokretanjem postupka izvansudskog rje\u0161avanja spora podno\u0161enjem prijave tijelu nadle\u017enom za alternativno rje\u0161avanje potro\u0161a\u010dkih sporova koja djeluju u Republici Hrvatskoj (Sudu \u010dasti Hrvatske gospodarske Komore, Centru za mirenje pri Hrvatskoj gospodarskoj Komori).<\/p>\n\n\n\n<p><strong>Online rje\u0161avanje sporova:<\/strong><\/p>\n\n\n\n<p>Posebnom regulativom Europske unije, od&nbsp;15. velja\u010de 2016. diljem cijelog EU sporove vezane uz online&nbsp;kupnju mogu\u0107e je rije\u0161iti&nbsp;putem platforme Online Dispute Resolution za online rje\u0161avanje potro\u0161a\u010dkih sporova.<\/p>\n\n\n\n<p>Platformi za rje\u0161avanje potro\u0161a\u010dkih sporova putem interneta Kupac mo\u017ee pristupiti putem poveznice:&nbsp;<a href=\"https:\/\/webgate.ec.europa.eu\/odr\/main\/index.cfm?event=main.home.show&amp;lng=HR\">https:\/\/webgate.ec.europa.eu\/odr\/main\/index.cfm?event=main.home.show&amp;lng=HR<\/a><\/p>\n\n\n\n<p>To zna\u010di da problem tijekom online kupnje unutar EU (neispravan proizvod, nemogu\u0107nost zamjene proizvoda itd.) svoj prigovor mo\u017eete na br\u017ei i jednostavniji na\u010din podnijeti na gornjem linku. Platformu mogu koristiti i potro\u0161a\u010di i trgovci, a prigovor je mogu\u0107e podnijeti na bilo kojem od 23 slu\u017ebena jezika EU.<\/p>\n\n\n\n<p><strong>Autorska prava<\/strong><\/p>\n\n\n\n<p>Pravni fakultet Osijek nositelj je autorskih prava ove web-stranice.<\/p>\n\n\n\n<p>Sadr\u017eaj web-stranice ne smije se upotrebljavati bez dopu\u0161tenja Pravnog fakulteta Osijek ni ustupati tre\u0107im osobama.<\/p>\n\n\n\n<p>Izdava\u010d i nakladnik je Pravni fakultet Osijek, a kupac se obvezuje da ne\u0107e neovla\u0161teno umno\u017eavati ni prodavati bilo koji od tih proizvoda niti njihov dio.<\/p>\n\n\n\n<p>U Osijeku, 27. kolovoza 2020.<\/p>\n","protected":false},"excerpt":{"rendered":"<p>OP\u0106I UVJETI POSLOVANJA Uvjeti prodaje putem internetske trgovine \u201ePravos\u201c Informacije o pru\u017eatelju usluge E-mail web-trgovine:&nbsp;webshop@pravos.hr Pravni fakultet Osijek, Sveu\u010dili\u0161te Josipa Jurja Strossmayera u Osijeku, sa sjedi\u0161tem u Republici Hrvatskoj, Osijek, Stjepana Radi\u0107a 13 upisan je u registar Trgova\u010dkog suda u Osijeku pod mati\u010dnim brojem (MBS): 3014191, osobni identifikacijski broj (OIB): 26416570803. Ra\u010dun u Privredna banka [&hellip;]<\/p>\n","protected":false},"author":6,"featured_media":0,"parent":0,"menu_order":0,"comment_status":"closed","ping_status":"closed","template":"template-fullwidth.php","meta":[],"_links":{"self":[{"href":"https:\/\/www.pravos.unios.hr\/webshop\/wp-json\/wp\/v2\/pages\/500"}],"collection":[{"href":"https:\/\/www.pravos.unios.hr\/webshop\/wp-json\/wp\/v2\/pages"}],"about":[{"href":"https:\/\/www.pravos.unios.hr\/webshop\/wp-json\/wp\/v2\/types\/page"}],"author":[{"embeddable":true,"href":"https:\/\/www.pravos.unios.hr\/webshop\/wp-json\/wp\/v2\/users\/6"}],"replies":[{"embeddable":true,"href":"https:\/\/www.pravos.unios.hr\/webshop\/wp-json\/wp\/v2\/comments?post=500"}],"version-history":[{"count":3,"href":"https:\/\/www.pravos.unios.hr\/webshop\/wp-json\/wp\/v2\/pages\/500\/revisions"}],"predecessor-version":[{"id":503,"href":"https:\/\/www.pravos.unios.hr\/webshop\/wp-json\/wp\/v2\/pages\/500\/revisions\/503"}],"wp:attachment":[{"href":"https:\/\/www.pravos.unios.hr\/webshop\/wp-json\/wp\/v2\/media?parent=500"}],"curies":[{"name":"wp","href":"https:\/\/api.w.org\/{rel}","templated":true}]}}