{"id":520,"date":"2020-08-30T21:54:38","date_gmt":"2020-08-30T21:54:38","guid":{"rendered":"https:\/\/www.pravos.unios.hr\/webshop\/?page_id=520"},"modified":"2021-06-24T08:32:10","modified_gmt":"2021-06-24T08:32:10","slug":"dostava","status":"publish","type":"page","link":"https:\/\/www.pravos.unios.hr\/webshop\/dostava\/","title":{"rendered":"Dostava"},"content":{"rendered":"\n<p>Dostavu naru\u010denih proizvoda na adresu koja je nazna\u010dena u obrascu za narud\u017ebu obavljamo putem kurirske slu\u017ebe Hrvatska po\u0161ta Paket24 na podru\u010dju cijele Hrvatske, uklju\u010duju\u0107i i otoke.<\/p>\n\n\n\n<p>Za sve narud\u017ebe ukupnoga iznosa iznad 200,00 kn dostava je besplatna (ako nije druga\u010dije nazna\u010deno), dok se za sve narud\u017ebe manje od navedenoga iznosa napla\u0107uje tro\u0161ak dostave u iznosu od 25,00 kn.<\/p>\n\n\n\n<p>Dostava se obavlja samo radnim danima, i to tako da se sve narud\u017ebe zaprimljene do 12 sati (od ponedjeljka do petka) upu\u0107uju na dostavu sljede\u0107eg radnog dana.<\/p>\n\n\n\n<p>Ako kupac odabere oblik pla\u0107anja uplatom na transakcijski ra\u010dun Fakulteta, narud\u017eba se kupcu dostavlja odmah po zaprimljenoj uplati, a najkasnije u roku od tri (3) radna dana od evidentirane uplate na poslovnom ra\u010dunu Fakulteta.<\/p>\n\n\n\n<p>Nakon \u0161to dostavlja\u010d tvrtke koja obavlja dostavu zaprimi po\u0161iljku, Fakultet nije odgovoran za daljnji tijek isporuke i eventualna ka\u0161njenja te probleme koji mogu nastati u vezi s daljnjom manipulacijom i isporukom robe.<\/p>\n\n\n\n<p>Isporuka naru\u010denih proizvoda obavlja se prema rasporedu tvrtke koja obavlja dostavu (Hrvatska po\u0161ta Paket24).<\/p>\n\n\n\n<p>Ako kupac odbije primiti proizvod koji je naru\u010dio, Fakultet ima pravo tra\u017eiti od kupca nadoknadu svih prouzro\u010denih tro\u0161kova.<\/p>\n","protected":false},"excerpt":{"rendered":"<p>Dostavu naru\u010denih proizvoda na adresu koja je nazna\u010dena u obrascu za narud\u017ebu obavljamo putem kurirske slu\u017ebe Hrvatska po\u0161ta Paket24 na podru\u010dju cijele Hrvatske, uklju\u010duju\u0107i i otoke. Za sve narud\u017ebe ukupnoga iznosa iznad 200,00 kn dostava je besplatna (ako nije druga\u010dije nazna\u010deno), dok se za sve narud\u017ebe manje od navedenoga iznosa napla\u0107uje tro\u0161ak dostave u iznosu [&hellip;]<\/p>\n","protected":false},"author":6,"featured_media":0,"parent":0,"menu_order":0,"comment_status":"closed","ping_status":"closed","template":"template-fullwidth.php","meta":[],"_links":{"self":[{"href":"https:\/\/www.pravos.unios.hr\/webshop\/wp-json\/wp\/v2\/pages\/520"}],"collection":[{"href":"https:\/\/www.pravos.unios.hr\/webshop\/wp-json\/wp\/v2\/pages"}],"about":[{"href":"https:\/\/www.pravos.unios.hr\/webshop\/wp-json\/wp\/v2\/types\/page"}],"author":[{"embeddable":true,"href":"https:\/\/www.pravos.unios.hr\/webshop\/wp-json\/wp\/v2\/users\/6"}],"replies":[{"embeddable":true,"href":"https:\/\/www.pravos.unios.hr\/webshop\/wp-json\/wp\/v2\/comments?post=520"}],"version-history":[{"count":2,"href":"https:\/\/www.pravos.unios.hr\/webshop\/wp-json\/wp\/v2\/pages\/520\/revisions"}],"predecessor-version":[{"id":907,"href":"https:\/\/www.pravos.unios.hr\/webshop\/wp-json\/wp\/v2\/pages\/520\/revisions\/907"}],"wp:attachment":[{"href":"https:\/\/www.pravos.unios.hr\/webshop\/wp-json\/wp\/v2\/media?parent=520"}],"curies":[{"name":"wp","href":"https:\/\/api.w.org\/{rel}","templated":true}]}}