{"id":622,"date":"2020-10-07T12:32:04","date_gmt":"2020-10-07T12:32:04","guid":{"rendered":"https:\/\/www.pravos.unios.hr\/webshop\/?post_type=product&#038;p=622"},"modified":"2024-03-07T08:14:50","modified_gmt":"2024-03-07T08:14:50","slug":"contemporary-legal-and-economic-issues-v","status":"publish","type":"product","link":"https:\/\/www.pravos.unios.hr\/webshop\/product\/contemporary-legal-and-economic-issues-v\/","title":{"rendered":"Contemporary legal and economic issues V"},"content":{"rendered":"","protected":false},"excerpt":{"rendered":"<p><strong>Autor:<\/strong>\u00a0<a href=\"http:\/\/161.53.208.108\/cgi-bin\/unilib.cgi?form=010000000199990&amp;id=0980302064\">Barkovi\u0107 Bojani\u0107, Ivana<\/a>\u00a0;\u00a0<a href=\"http:\/\/161.53.208.108\/cgi-bin\/unilib.cgi?form=010000000199990&amp;id=0970611011\">Luli\u0107, Mira<\/a>\u00a0(urednice)<br \/>\n<strong>Naslov:\u00a0<\/strong>Contemporary legal and economic issues V \/ editors Ivana Barkovi\u0107 Bojani\u0107 and Mira Luli\u0107<br \/>\n<strong>Impresum:<\/strong>\u00a0Osijek : Faculty of Law, 2015<br \/>\n<strong>ISBN:<\/strong>\u00a0978-953-8109-00-3<\/p>\n","protected":false},"featured_media":623,"template":"","meta":[],"product_cat":[37],"product_tag":[],"_links":{"self":[{"href":"https:\/\/www.pravos.unios.hr\/webshop\/wp-json\/wp\/v2\/product\/622"}],"collection":[{"href":"https:\/\/www.pravos.unios.hr\/webshop\/wp-json\/wp\/v2\/product"}],"about":[{"href":"https:\/\/www.pravos.unios.hr\/webshop\/wp-json\/wp\/v2\/types\/product"}],"wp:featuredmedia":[{"embeddable":true,"href":"https:\/\/www.pravos.unios.hr\/webshop\/wp-json\/wp\/v2\/media\/623"}],"wp:attachment":[{"href":"https:\/\/www.pravos.unios.hr\/webshop\/wp-json\/wp\/v2\/media?parent=622"}],"wp:term":[{"taxonomy":"product_cat","embeddable":true,"href":"https:\/\/www.pravos.unios.hr\/webshop\/wp-json\/wp\/v2\/product_cat?post=622"},{"taxonomy":"product_tag","embeddable":true,"href":"https:\/\/www.pravos.unios.hr\/webshop\/wp-json\/wp\/v2\/product_tag?post=622"}],"curies":[{"name":"wp","href":"https:\/\/api.w.org\/{rel}","templated":true}]}}