{"id":639,"date":"2020-10-08T07:20:26","date_gmt":"2020-10-08T07:20:26","guid":{"rendered":"https:\/\/www.pravos.unios.hr\/webshop\/?post_type=product&#038;p=639"},"modified":"2024-03-07T11:36:18","modified_gmt":"2024-03-07T11:36:18","slug":"prirucnik-za-gramatiku-njemackoga-jezika","status":"publish","type":"product","link":"https:\/\/www.pravos.unios.hr\/webshop\/product\/prirucnik-za-gramatiku-njemackoga-jezika\/","title":{"rendered":"Priru\u010dnik za gramatiku njema\u010dkoga jezika&#8230;"},"content":{"rendered":"","protected":false},"excerpt":{"rendered":"<p><strong>Autor:<\/strong>\u00a0<a href=\"http:\/\/161.53.208.108\/cgi-bin\/unilib.cgi?form=010000000199990&amp;id=0200404137\">Kordi\u0107, Ljubica<\/a><br \/>\n<strong>Naslov:<\/strong>\u00a0Priru\u010dnik za gramatiku njema\u010dkoga jezika struke iz podru\u010dja prava i ekonomije \/ Ljubica Kordi\u0107, Borislav Maru\u0161i\u0107<br \/>\n<strong>Impresum:<\/strong>\u00a0Vukovar : Veleu\u010dili\u0161te &#8220;Lavoslav Ru\u017ei\u010dka&#8221;, 2014.<br \/>\n<strong>ISBN:<\/strong>\u00a0978-953-7734-10-7<\/p>\n","protected":false},"featured_media":744,"template":"","meta":[],"product_cat":[37],"product_tag":[],"_links":{"self":[{"href":"https:\/\/www.pravos.unios.hr\/webshop\/wp-json\/wp\/v2\/product\/639"}],"collection":[{"href":"https:\/\/www.pravos.unios.hr\/webshop\/wp-json\/wp\/v2\/product"}],"about":[{"href":"https:\/\/www.pravos.unios.hr\/webshop\/wp-json\/wp\/v2\/types\/product"}],"wp:featuredmedia":[{"embeddable":true,"href":"https:\/\/www.pravos.unios.hr\/webshop\/wp-json\/wp\/v2\/media\/744"}],"wp:attachment":[{"href":"https:\/\/www.pravos.unios.hr\/webshop\/wp-json\/wp\/v2\/media?parent=639"}],"wp:term":[{"taxonomy":"product_cat","embeddable":true,"href":"https:\/\/www.pravos.unios.hr\/webshop\/wp-json\/wp\/v2\/product_cat?post=639"},{"taxonomy":"product_tag","embeddable":true,"href":"https:\/\/www.pravos.unios.hr\/webshop\/wp-json\/wp\/v2\/product_tag?post=639"}],"curies":[{"name":"wp","href":"https:\/\/api.w.org\/{rel}","templated":true}]}}